e the remainder when j(10) is divided by 1.
0
Suppose 0 = -5*v - 5*i + 950, 3*v - 4*i + 380 = 5*v. Calculate the remainder when 2275 is divided by v.
185
Let s be (5 + -15)*(0 - 213/6). Let n = s + -280. Calculate the remainder when n is divided by 7.
5
Let m = -602 + 446. Let l = -32 - m. What is the remainder when l is divided by 6?
4
Let d be (-4 - (-20 + 13)) + -3*1. Suppose d = 5*h - 48 - 32. What is the remainder when 109 is divided by h?
13
What is the remainder when 37927 is divided by 199/1393 + (-69)/(-7)?
7
Suppose 5*x - 250 = 5*c, 4*x + 4*c - 311 = -79. Calculate the remainder when 2105 is divided by x.
53
Let f = -379 + 389. Suppose -8*j = -f*j + 62. Calculate the remainder when j is divided by 21.
10
Let p = 456 + -459. Let i(k) = 8*k**2 + 4*k - 8. Calculate the remainder when 150 is divided by i(p).
46
Suppose -414 = -8*u - 254. Let x(j) = -48*j. Let i be x(2). Let o = 134 + i. What is the remainder when o is divided by u?
18
Suppose -10*u - 4 = -24. Let o(a) be the third derivative of a**4/4 + a**3/3 + 3*a**2. Calculate the remainder when o(u) is divided by 11.
3
Suppose 0 = 6*b - 179 + 89. Calculate the remainder when 8922 is divided by b.
12
Let o = 45 - 45. Suppose o = 16*x - 18*x + 62. Calculate the remainder when 84 is divided by x.
22
Let h be 4/(-5*4/(-30)). Let g(x) = x**3 - 5*x**2 + 17*x + 20. Calculate the remainder when g(h) is divided by 25.
8
Suppose -513 = 3*x - 22*x. Suppose 0 = 5*r - x*a + 28*a - 19, -3*r - 5*a + 7 = 0. Let q(k) = -4*k. Calculate the remainder when q(-1) is divided by r.
0
Let j be (-12)/15 + (-12)/10. Suppose 0 = 4*x - 38 - 18. What is the remainder when -2 - (1184/(-22) + j/11) is divided by x?
10
Let u(f) = f**2 - 16*f - 15. Let x be u(-1). Suppose w = 5*k + 50, x*w - 6*k - 86 = -3*k. What is the remainder when w is divided by 3?
1
Let q(m) = -12*m - 113. What is the remainder when q(-15) is divided by 12?
7
Suppose 2 = 2*w - y, 2*w + 0 = -3*y - 6. Suppose w = -k + 5*a - 12, 0 = -a + 5. What is the remainder when (-1)/(-2)*-3*-22 is divided by k?
7
Let p = 308 - 302. Suppose -p*t = -360 - 546. Calculate the remainder when t is divided by 48.
7
Suppose 0 = -2*l + 5*n - 6, 2*n - 16 + 8 = 0. Suppose -5*g - j + 615 = 4*j, 4*j = 4. Calculate the remainder when g is divided by l.
3
Suppose -100*p - 102*p = -92314. Calculate the remainder when p is divided by 21.
16
Let l = -3430 - -6988. Let g be 3 + l/42 + 4/14. Suppose -g - 72 = -5*j. Calculate the remainder when j is divided by 17.
15
Let o(p) be the second derivative of p**3/2 + 13*p**2/2 - 83*p. Suppose -8 = 4*x, 144 = 4*r + 2*x - 0*x. What is the remainder when r is divided by o(-2)?
2
Suppose 0 = -5*k - 3*a + 26, -3*a = -k - 0*k - 2. Suppose 4*z - 5*d = 184, z - k*d - 188 = -3*z. What is the remainder when 202 is divided by z?
49
Suppose 2*q - 92 = -2*q. Let d = -88 + 136. Suppose d*x - 215 - 457 = 0. What is the remainder when q is divided by x?
9
Suppose 5*l = -4*r - 94, -2*l - 9*r + 6*r = 39. Calculate the remainder when (-554)/l - (1 - 11/9) is divided by 14.
3
Suppose -179 = 11*d - 630. Let w(r) = 6*r + r**3 + 207*r**2 - 2*r**3 - 13 - 215*r**2. Calculate the remainder when d is divided by w(-9).
13
Let i = 286 - 500. Let o = i - -416. Calculate the remainder when o is divided by 17.
15
Suppose 0 = 4*k - m - 297, 304 = 3*k + 3*m + 100. What is the remainder when k is divided by 45?
28
Suppose 11*n - 6*n + 160 = 0. Let s = 28 - n. What is the remainder when 41 is divided by (s/(-8))/((-2)/4)?
11
Let f be (2/11 - (-65)/(-55))*20. Let s(m) = -m**2 - 24*m + 59. Calculate the remainder when s(f) is divided by 13.
9
Let x(h) = 2*h**2 - 8*h - 20. Let w be x(-5). Suppose w*t = 69*t + 17. What is the remainder when (-9)/6 + (-194)/(-4) is divided by t?
13
Suppose 0 = -l + r + 20, -3*r = -2*l + 2*r + 43. Suppose -5*y - s = -3 - 0, -4*y = 2*s. Calculate the remainder when l is divided by y/(28/(-10) + (1 - -2)).
4
Let t(j) = -2*j**2 - 3*j - 8. Let d(q) = 2*q**2 + 4*q + 7. Let h(o) = 3*d(o) + 2*t(o). What is the remainder when 14 is divided by h(-3)?
4
Let m(q) = q**3 - 19*q**2 - 33*q - 35. Let p be m(20). Let k = -185 - p. Calculate the remainder when k is divided by 37.
36
Let p(z) = -1177*z + 7263. What is the remainder when p(5) is divided by 55?
3
Let k(l) = -66*l + 19. What is the remainder when 506 is divided by k(-1)?
81
Let m be (-2)/(-9) - 3670/(-9). Let d = 19 - 13. Suppose d*f - m = 2*f. Calculate the remainder when f is divided by 13.
11
Suppose 0 = -0*q - q + 113. Let r(v) = 35*v - 124. Let i be r(4). Let w = 7 + i. What is the remainder when q is divided by w?
21
Suppose 1015 = 22*x - 195. Let q = x - 52. What is the remainder when 50 is divided by q?
2
Let l(j) = -186*j + 201*j + j**2 + 67 + 57. What is the remainder when l(-26) is divided by 83?
78
Let f(t) = -4*t**2 - 11*t + 11. Let d be f(5). Let m = 172 + d. What is the remainder when 164 is divided by m?
24
Suppose 1 = -3*d - 5, -4*g - 3*d = 206. Calculate the remainder when 31 is divided by -2 + (4 - 0) - g/5.
7
Suppose 44 = -0*r + 2*r. Let j = -340 - -346. What is the remainder when r is divided by j + (2 + -1 - -1)?
6
What is the remainder when 473 is divided by (5 - 6)*-1*81?
68
Let s(m) = -3*m + 1. Suppose 75*h + 56*h - 6500 = -369*h. What is the remainder when h is divided by s(-1)?
1
Let c = -4627 - -4638. Suppose -40 = -t - 0*t. Calculate the remainder when t is divided by c.
7
Suppose g + 4810 = 5*a, -5*a + 3*g + 7872 = 3052. Suppose 3*k - 203 = a. Suppose -6*b + 2*b = -k. Calculate the remainder when b is divided by 20.
17
Let y(v) = 10*v - 55. Let d be y(4). Let c(j) = -3*j**2 + 3*j + 10. Let r be c(-8). What is the remainder when 9/d - (2 + r/10) is divided by 7?
4
Let v(y) = y**2 - 16*y + 26. Let n be v(8). Let z = 42 + n. Calculate the remainder when 25 is divided by z.
1
Suppose -n + 12 = 2. Let r = -3 + n. Suppose -5*v + r*v = 76. Calculate the remainder when 73 is divided by v.
35
Suppose -5*z - 35 = -s, -4*z - 78 = -2*s - 2. Let p(w) = -s - 32*w - 33 + 23*w. Calculate the remainder when 58 is divided by p(-10).
7
Suppose 6 = -0*y + 2*y + 4*m, -4 = m. Let a = 154 - 152. Suppose a*j = 5*q - 275, 4*q - 2*j - 207 = -3*j. What is the remainder when q is divided by y?
9
Suppose 11 - 18 = -7*b. Let h be (3/(-6))/(8/16). Let v(n) = -8*n - 5. What is the remainder when v(h) is divided by b?
0
Suppose 4141 - 1213 = 16*a. Calculate the remainder when 202 is divided by a.
19
Suppose -40 = -4*m - 0*m. Let y(x) = x**2 - 10*x + 4. Calculate the remainder when ((-13)/(-39))/(((-4)/33)/(-4)) is divided by y(m).
3
Let b = -389 - -454. Let y be ((-8)/(-5))/(2/5). Suppose -y*f + 88 + 12 = 0. What is the remainder when b is divided by f?
15
Suppose -27*f - 155 = -48 - 1565. Calculate the remainder when 373 is divided by f.
49
Let r be -5*(-4)/(-4) - (-16 - -4). What is the remainder when 243 is divided by 6 - 9 - (-79 - r)?
77
Suppose 4*a = -69 + 57. Let q(g) = -g**3 - 2*g**2 + 2*g - 3. Let m be q(a). Suppose m = 2*l + 4 - 36. What is the remainder when 63 is divided by l?
15
Suppose 4*i = -4*k + 36, k - 2*i - 1 = -7. Suppose k*y - 57 = -9. Calculate the remainder when 190/(-3)*(3 - (-9)/(-2)) is divided by y.
11
Let j be 209 - 1*(1 + -4). Let i = 292 - j. Calculate the remainder when i is divided by 21.
17
Let n(l) = 7*l - 47. Let q(y) = -36*y + 235. Let t be (-3 + -1)/((-6)/(-2) + -1). Let j(u) = t*q(u) - 11*n(u). What is the remainder when 24 is divided by j(8)?
3
Let d(j) = j**3 + 11*j**2 - 3*j + 35. Let s be d(-11). Let r = s - 64. Suppose c - 90 = -2*c. Calculate the remainder when c is divided by r.
2
Suppose 0 = -4*q - 11*i + 14*i + 46, 16 = 2*q - 5*i. What is the remainder when 1596 is divided by q?
10
Suppose -5*s = 2*d - 3565, -8*s + 2*d = -6*s - 1426. Calculate the remainder when s is divided by 21.
20
Suppose h = -5*n + 80 - 20, 3*h = 4*n + 180. Suppose -h*x = -37*x - 1012. Calculate the remainder when 157 is divided by x.
25
Suppose -3*m = u - 16, -285*u - 3*m + 118 = -281*u. What is the remainder when 1148 is divided by u?
26
Suppose -5*d - 1 - 34 = -5*b, -b + 4*d + 19 = 0. Suppose -5*w = 3*t - 90, -b*w + 2*t = 7*t - 70. Calculate the remainder when w is divided by 3.
0
Let q = -1100 - -1450. Calculate the remainder when q is divided by 24.
14
Let l be (-5 - 957